{"id":20,"date":"2022-10-19T17:23:37","date_gmt":"2022-10-19T17:23:37","guid":{"rendered":"https:\/\/atvtoursbazna.ro\/?page_id=20"},"modified":"2022-10-19T18:22:36","modified_gmt":"2022-10-19T18:22:36","slug":"regulament","status":"publish","type":"page","link":"https:\/\/atvtoursbazna.ro\/index.php\/regulament\/","title":{"rendered":"Regulament"},"content":{"rendered":"\n<pre class=\"wp-block-preformatted\" style=\"font-size:20px\">               <strong>Cum trebuie s\u00e0 m\u00e3 imbrac?<\/strong>\n    \n      Pe perioada iernii este recomandat\u00e0 imbr\u00e1c\u00e2mintea groas\u00e0 (de ex. pantaloni\/salopet\u00e0 de schi), m\u00e2nusi si o geac\u00e0 sau fular care s\u00e0 asigure \u201e,etanseitatea\" in zona g\u00e2tului, intre imbracaminte si cagula\/ casc\u00e0.\n      In perioada sezonului cald, este recomandat\u00e0 o\nimbr\u00e0c\u00e2minte lejera, preferabil pantaloni lungi pentru a evita zg\u00e2rieturile cauzate de crengi, tufe etc. \n     De asemenea, temperaturile din zona Brasov-S\u00e4cele find mai sc\u00e2zute, in combinatie cu altitudinea ridicat\u00e0 a traseelor si curentul generat de deplasare recomand\u00e0 purtarea, chiar si in timpul verii, a unei bluze cu m\u00e2neci lungi.\n     Inc\u00e1lt\u00e2mintea trebuie s\u00e0 fie comod\u00e0 (pantofi sport, ghete) iar in sezonul rece este recomandat s\u00e0 fie calduroas\u00e0 (bocanci).\n     Indiferent de temperatura din sezonul cald,\neste de evitat purtarea incalt\u00e0mintei \u201e deschise\", de tipul sandalelor.<\/pre>\n","protected":false},"excerpt":{"rendered":"<p>Cum trebuie s\u00e0 m\u00e3 imbrac? Pe perioada iernii este recomandat\u00e0 imbr\u00e1c\u00e2mintea groas\u00e0 (de ex. pantaloni\/salopet\u00e0 de schi), m\u00e2nusi si o geac\u00e0 sau fular care s\u00e0 asigure \u201e,etanseitatea&#8221; in zona g\u00e2tului, intre imbracaminte si cagula\/ casc\u00e0. In perioada sezonului cald, este recomandat\u00e0 o imbr\u00e0c\u00e2minte lejera, preferabil pantaloni lungi pentru a evita zg\u00e2rieturile cauzate de crengi, tufe [&hellip;]<\/p>\n","protected":false},"author":1,"featured_media":0,"parent":0,"menu_order":0,"comment_status":"closed","ping_status":"closed","template":"","meta":[],"_links":{"self":[{"href":"https:\/\/atvtoursbazna.ro\/index.php\/wp-json\/wp\/v2\/pages\/20"}],"collection":[{"href":"https:\/\/atvtoursbazna.ro\/index.php\/wp-json\/wp\/v2\/pages"}],"about":[{"href":"https:\/\/atvtoursbazna.ro\/index.php\/wp-json\/wp\/v2\/types\/page"}],"author":[{"embeddable":true,"href":"https:\/\/atvtoursbazna.ro\/index.php\/wp-json\/wp\/v2\/users\/1"}],"replies":[{"embeddable":true,"href":"https:\/\/atvtoursbazna.ro\/index.php\/wp-json\/wp\/v2\/comments?post=20"}],"version-history":[{"count":4,"href":"https:\/\/atvtoursbazna.ro\/index.php\/wp-json\/wp\/v2\/pages\/20\/revisions"}],"predecessor-version":[{"id":60,"href":"https:\/\/atvtoursbazna.ro\/index.php\/wp-json\/wp\/v2\/pages\/20\/revisions\/60"}],"wp:attachment":[{"href":"https:\/\/atvtoursbazna.ro\/index.php\/wp-json\/wp\/v2\/media?parent=20"}],"curies":[{"name":"wp","href":"https:\/\/api.w.org\/{rel}","templated":true}]}}