{"id":18,"date":"2022-10-19T17:22:11","date_gmt":"2022-10-19T17:22:11","guid":{"rendered":"https:\/\/atvtoursbazna.ro\/?page_id=18"},"modified":"2022-10-19T18:16:25","modified_gmt":"2022-10-19T18:16:25","slug":"teambuilding","status":"publish","type":"page","link":"https:\/\/atvtoursbazna.ro\/index.php\/teambuilding\/","title":{"rendered":"Teambuilding"},"content":{"rendered":"\n<pre class=\"wp-block-preformatted\" style=\"font-size:20px\">       Inchirierea ATV-ului se face pe baza cartii de identitate iar pentru a conduce ATV-ul inchiriat este necesar permis deconducere. \n       V\u00e2rsta minima a pasagerului este de 14 ani si\nnu este necesara detinerea unui permis de\nconducere. \n       Pasagerii minori trebuie s\u00e0 fie insotiti de\np\u00e4rinti\/tutori legali.\n       Inainte de a pleca pe traseu, ghizii ATV Adventure vor face instructajul at\u00e2t al conducatorilor c\u00e2t si al \npasagerilor.<img decoding=\"async\" loading=\"lazy\" width=\"1200\" height=\"1600\" class=\"wp-image-35\" style=\"width: 250px;\" src=\"https:\/\/atvtoursbazna.ro\/wp-content\/uploads\/2022\/10\/WhatsApp-Image-2022-10-19-at-19.22.45.jpeg\" alt=\"\" srcset=\"https:\/\/atvtoursbazna.ro\/wp-content\/uploads\/2022\/10\/WhatsApp-Image-2022-10-19-at-19.22.45.jpeg 1200w, https:\/\/atvtoursbazna.ro\/wp-content\/uploads\/2022\/10\/WhatsApp-Image-2022-10-19-at-19.22.45-225x300.jpeg 225w, https:\/\/atvtoursbazna.ro\/wp-content\/uploads\/2022\/10\/WhatsApp-Image-2022-10-19-at-19.22.45-768x1024.jpeg 768w, https:\/\/atvtoursbazna.ro\/wp-content\/uploads\/2022\/10\/WhatsApp-Image-2022-10-19-at-19.22.45-1152x1536.jpeg 1152w\" sizes=\"(max-width: 1200px) 100vw, 1200px\" \/>\n       Semnarea contractelor de inchiriere, echiparea si instructajul dureaz\u00e0 in jur de 10-15 min, asadar pentru a respecta program\u00e1rile, v\u00e0 rugam s\u00e0 veniti la sediul nostru cu 15 minute \u00eenainte de ora programarii.\n       Pentru orice \u00eentrebare legat\u00e0 de procedura de inchiriere, trasee, sau programari, v\u00e3 stam la dispozitie la num\u00e1rul de telefon din pagina de <a href=\"https:\/\/atvtoursbazna.ro\/index.php\/contact\/\" data-type=\"page\" data-id=\"14\">Contact<\/a><\/pre>\n","protected":false},"excerpt":{"rendered":"<p>Inchirierea ATV-ului se face pe baza cartii de identitate iar pentru a conduce ATV-ul inchiriat este necesar permis deconducere. V\u00e2rsta minima a pasagerului este de 14 ani si nu este necesara detinerea unui permis de conducere. Pasagerii minori trebuie s\u00e0 fie insotiti de p\u00e4rinti\/tutori legali. Inainte de a pleca pe traseu, ghizii ATV Adventure vor [&hellip;]<\/p>\n","protected":false},"author":1,"featured_media":0,"parent":0,"menu_order":0,"comment_status":"closed","ping_status":"closed","template":"","meta":[],"_links":{"self":[{"href":"https:\/\/atvtoursbazna.ro\/index.php\/wp-json\/wp\/v2\/pages\/18"}],"collection":[{"href":"https:\/\/atvtoursbazna.ro\/index.php\/wp-json\/wp\/v2\/pages"}],"about":[{"href":"https:\/\/atvtoursbazna.ro\/index.php\/wp-json\/wp\/v2\/types\/page"}],"author":[{"embeddable":true,"href":"https:\/\/atvtoursbazna.ro\/index.php\/wp-json\/wp\/v2\/users\/1"}],"replies":[{"embeddable":true,"href":"https:\/\/atvtoursbazna.ro\/index.php\/wp-json\/wp\/v2\/comments?post=18"}],"version-history":[{"count":6,"href":"https:\/\/atvtoursbazna.ro\/index.php\/wp-json\/wp\/v2\/pages\/18\/revisions"}],"predecessor-version":[{"id":57,"href":"https:\/\/atvtoursbazna.ro\/index.php\/wp-json\/wp\/v2\/pages\/18\/revisions\/57"}],"wp:attachment":[{"href":"https:\/\/atvtoursbazna.ro\/index.php\/wp-json\/wp\/v2\/media?parent=18"}],"curies":[{"name":"wp","href":"https:\/\/api.w.org\/{rel}","templated":true}]}}